t is (-2 - (-5 - -12 - 5)) + 3?
-1
Calculate -6 - (-3 - -6) - -9.
0
Calculate (-1 - 2 - 1) + 1.
-3
(-4 - -1) + 6 - (4 - -1)
-2
Evaluate -8 + 10 + (0 - 6).
-4
Evaluate (4 - 9) + (-1 - -2).
-4
Calculate -3 - (2 - (2 + (0 - 2))).
-5
What is -2 + 8 + -9 + (-3 - -8)?
2
What is -1 + 6 + 5 + (-11 - 4)?
-5
Calculate -1 - (-11 + (-3 - -8)).
5
Evaluate 8 + (1 - (9 - 9)).
9
What is the value of 3 + -6 + -2 + 7?
2
What is the value of 13 - (27 + (10 - 24))?
0
-5 + ((-1 - 1) + 4 - -2)
-1
Evaluate 4 - (0 - -1) - -2.
5
Calculate (-5 - 2) + 4 + -1.
-4
-7 - -3 - -4 - (2 - 2)
0
What is -3 + (-18 - -5 - -10)?
-6
Calculate (4 - (5 - 2)) + (-2 - -3).
2
What is the value of 3 - (3 + (-3 - -1) - 2)?
4
Calculate 2 + -6 + 1 + (-4 - -2).
-5
What is 13 + -17 + (1 - 1) + 4?
0
Calculate 7 + (1 - 1 - 4).
3
Calculate 6 + -11 - (7 - 5).
-7
Evaluate 6 + -8 - (0 + -2).
0
Evaluate 3 + (3 - 4) + -1.
1
Evaluate 2 - (-3 + 15 + 3 - 6).
-7
9 + -9 + -9 - -14
5
What is 3 - (-2 + 11 + 3 + -14)?
5
(3 - 2) + -2 + 0 + -1
-2
Calculate (6 + -2 - 9) + 4.
-1
What is the value of -1 - 0 - (5 + -5)?
-1
What is the value of (-3 - -3) + (8 - 12) + 1?
-3
Evaluate (21 - 14) + -1 + (2 - 0).
8
Calculate (4 - 6) + -2 + 1 + -2.
-5
What is the value of (-2 + -2 - -1) + 3 - -4?
4
1 - ((0 - -16) + -14)
-1
Evaluate 15 + 3 + -7 - 6.
5
What is 7 + 5 + -10 - 7?
-5
What is 6 - (-3 - (-13 + 1 + 6))?
3
Evaluate -2 + 0 + 3 - (14 - 9).
-4
What is 9 + 1 + (-47 - -41)?
4
-7 + (5 - -6) + (3 - 2)
5
Calculate -2 - (6 + -4 + 0).
-4
What is 3 + -3 + (2 - -2) + -8?
-4
What is the value of (-2 - -11) + -2 + -2 + 1?
6
What is (-4 - (5 - 6)) + -1 + 5?
1
4 + 2 + 5 + -16 + 2
-3
What is -10 + -12 + 13 - -10?
1
Evaluate 1 + (0 - 0) + -1 + 2.
2
What is 4 - ((-5 - -9) + -4)?
4
Calculate 6 - 5 - (11 + -6 - 1).
-3
Evaluate 21 + -19 + (2 - -1).
5
Evaluate (-1 - 0) + (4 - -1) - 10.
-6
Evaluate -2 - -4 - 2 - (0 + 1).
-1
(-22 - -3) + 8 - -8
-3
Evaluate -15 - (-8 + 1) - -10.
2
Calculate 7 - 9 - (4 + 3).
-9
What is the value of -2 - -9 - (7 + 1)?
-1
What is -4 + (-4 - ((1 - -4) + -6))?
-7
What is 5 + -2 + 5 + -3?
5
-12 + 6 + 2 + 1 + -2
-5
Evaluate 9 + -11 + 4 + -2.
0
Calculate 18 + (-10 - -5) + (-7 - 0).
6
What is the value of 6 - (8 + -3) - 2?
-1
Evaluate (-2 - 2) + (-45 - -52).
3
What is the value of 10 + (-13 + -5 - -11)?
3
3 + -3 - (3 - (4 - 0))
1
What is the value of (1 + 0 - (-8 + 8)) + -5?
-4
What is 102 + -101 - (-3 - (1 + 1))?
6
What is the value of -1 + (2 - -7) + (8 - 11)?
5
What is 4 + -1 + -6 - (3 - 1)?
-5
Evaluate (-2 - -6) + (5 + -4 - 10).
-5
Evaluate 1 - 4 - (-4 - 2).
3
What is 1 + 0 + (2 - (11 - 3))?
-5
-1 + -4 + (-10 - -10) - -1
-4
What is the value of 8 - (2 - -6 - -2)?
-2
Calculate -11 + (5 - -1) + 10.
5
12 + 5 + (-18 - -2)
1
Evaluate -185 + 177 - (1 + -2 + -1).
-6
Evaluate -9 - ((0 - 14) + 5).
0
Calculate -5 + 1 + -1 + 6 + -5.
-4
(-6 - -3) + -7 + (7 - 1)
-4
What is 1 + 1 - (-2 - (5 + -9))?
0
Calculate 2 - 4 - (0 - (8 + -9)).
-3
(-14 + 13 - -21) + -11
9
What is the value of -7 + (1 + -5 - -9) + -6?
-8
-2 + (-5 - (7 + -15))
1
What is 1 + (5 - 9 - 6) + 5?
-4
Evaluate -7 + (3 - 6) + 6.
-4
What is the value of -5 + 15 + -9 + -8?
-7
What is 3 - ((5 - 4) + -1 - -3)?
0
Calculate (-4 - -7 - 6) + 0 + 10.
7
Calculate 0 + 2 + (4 - 10) - -10.
6
What is 6 - (1 + 5) - 2?
-2
What is the value of -3 - 2 - 3 - -2?
-6
2 + -4 + -10 + 3 + 12
3
Evaluate 6 + (4 - 8 - 3).
-1
What is the value of -14 + 11 + 1 + 1 - 3?
-4
Calculate -5 + (-3 + 8 - 5).
-5
What is the value of 3 - (-1 - (-2 + 8) - -3)?
7
Evaluate -2 - -4 - (5 + -1) - 0.
-2
What is -2 + (0 - -1 - -5) + -2?
2
Evaluate -1 - -18 - (-4 + 10) - 5.
6
What is -3 + -4 + (-3 - -12)?
2
Evaluate 0 + -9 + (9 - 6).
-6
Evaluate (-1 - -8) + (0 + 14 - 19).
2
-7 - ((6 + -7 - -5) + -17)
6
What is the value of (20 - 14) + (0 - 15)?
-9
Calculate -6 - (-5 - 3) - (-1 + 2).
1
5 + -7 + -7 + 11
2
What is (1 - 6 - -6) + -5 + -1?
-5
What is 8 + -5 + 12 + -7?
8
Evaluate 3 + 1 - (-12 - -16).
0
Calculate 16 + -12 - (5 + (-5 - 0)).
4
Calculate -8 + (-7 - -6 - -2).
-7
Calculate -3 - -4 - ((5 - 6) + 5).
-3
0 + -2 + -24 + 26
0
Evaluate 86 - 85 - (1 + 10).
-10
-2 + 1 + 2 + (-17 - -18)
2
What is the value of 2 - (0 + (-2 - -11 - 4))?
-3
What is -2 + 2 + 0 - (-15 + 10)?
5
Calculate -1 - ((4 - 3 - 5) + 4).
-1
What is the value of -3 + 6 + -1 + (-1 - -3)?
4
-4 + 15 + -6 + -2
3
4 + -1 + -2 - 6
-5
41 + -48 - (1 + -7)
-1
What is -10 + (10 - 6) - 0?
-6
What is the value of 3 + (-5 - 6) - -4 - -2?
-2
What is -1 - (1 + 3) - -7?
2
Evaluate 0 + (-5 - (10 - 3)) + 6.
-6
Evaluate (1 - -3) + (-1 - (0 - 0)).
3
What is -4 - (-3 + 3) - (0 + -3)?
-1
Calculate -4 + 6 - ((2 - -3) + -7).
4
What is (-9 - -9) + (0 - (-4 + 1))?
3
What is (13 - 3) + -5 + -1?
4
Evaluate 3 + -7 - -11 - 3.
4
What is 5 + 2 + 1 + -3?
5
-5 + 0 + 3 + -1
-3
What is the value of 3 + -2 + (-6 + -1 - -4)?
-2
What is the value of -4 + (6 + (-5 - -9) - 2)?
4
(2 - -3) + 0 + (-9 - 6)
-10
Calculate (1 - (0 - (20 + -8))) + -9.
4
Calculate -3 - -3 - (9 - (1 - -3)).
-5
Evaluate 2 - (3 + 4 + -2) - -3.
0
Evaluate 12 + (-1 - 3) - 4.
4
What is the value of 5 - (-3 + 18 + -5)?
-5
Evaluate -4 + 0 + 20 + -22.
-6
Evaluate 2 + 0 - (3 - (4 + -2)).
1
(4 - -2) + (12 - 5 - 11)
2
Evaluate -4 - (3 + 0 + -2).
-5
Evaluate 6 - (8 + -2 + -1).
1
Calculate (0 - 0) + -8 + 16 + -4.
4
What is the value of (-3 - (-8 + 2)) + (1 - 1)?
3
What is the value of (0 + 4 - 4 - -1) + -4?
-3
What is -1 - 4 - (12 + (11 - 20))?
-8
What is the value of (-8 - -9) + (3 - (9 + -4))?
-1
What is the value of 85 - 80 - (-1 - -3)?
3
Calculate -1 + 4 + -8 - -3.
-2
Evaluate (-5 - (3 + -2)) + 6 + -4.
-4
Evaluate 1 + -5 - -13 - 4.
5
Evaluate 54 - 55 - (-5 + (2 - 4)).
6
Evaluate 17 + (-31 - -15) - (0 - 4).
5
What is the value of 7 + (-3 - -4) + -8?
0
What is 0 + 1 - (4 + 2)?
-5
What is 18 + -8 - (7 + -6 + 4)?
5
What is the value of 6 - (1 + 1 + -1)?
5
What is the value of 7 + (9 - 24) + 9?
1
What is 2 - (2 + -2) - -3?
5
Calculate -10 - (1 - -4 - -1 - 7).
-9
What is the value of (1 - 1) + 1 + 1 - 4?
-2
Evaluate (5 - 0) + (1 - (-7 + 8)).
5
2 + 4 - (-3 - -3)
6
Calculate 6 + -2 + 1 - (-8 + 8).
5
Calculate (-2 - -1 - -2) + 4.
5
What is (3 - 0) + (-2 - 5)?
-4
Calculate (0 - -4) + (-4 - -5 - 4).
1
What is (-8 - -1) + 45 + -42?
-4
What is (-2 - 10 - -6) + 17 + -3?
8
Calculate -1 - (15 + (-5 - 5)).
-6
8 + (3 - 8) + -7
-4
Calculate (-6 - 0) + (-25 - -29).
-2
Evaluate 4 + -2 + (15 - 15).
2
Calculate (-18 + 3 + 6 - -3) + 11.
5
What is the value of 5 + (6 - 1) + -3?
7
Evaluate 175 - 172 - (8 + -1 + -1).
-3
What is the value of 5 - (-6 + 8 - (0 + 0))?
3
What is the value of -6 + 8 + (0 - -2) + 0?
4
Calculate -2 + 5 + 2 + -9 - -1.
-3
What is -5 - (10 + -17 - -1)?
1
What is the value of (-5 - -15) + -8 + -5?
-3
What is the value of (1 - (-2 + 1 - 2)) + 1?
5
Calculate -2 + 0 + -4 + 3.
-3
Evaluate 3 - 3 - (0 + 2).
-2
Calculate 0 + -1 + (1 - (0 - 1)).
1
Calculate (-3 - 2) + 10 + -7 + 3.
1
Evaluate -2 + (-15 - -9) + (10 - -3).
5
3 + 1 + -5 + -3 + 4
0
(12 - 26) + 14 - (-5 + 1)
4
5 + (-1 - 0) + -2
2
What is the value of 5 + ((-1 - -5) + -4 - 7)?
-2
Calculate 0 + (-1 - 0 - (4 + 0)).
-5
What is -3 + 10 + (5 - 8)?
4
What is 13 + 0 + -3 + -7?
3
Calculate (-3 - 5) + (3 - 0).
-5
Evaluate 3 + -6 + (1 - 0).
-2
1 + 4 + 16 + -16
5
Evaluate 0 + 3 + (1 - (2 + -2)).
4
What is the value of -2 + (7 - 6 - 4)?
-5
-1 + 3 - (-15 + 15) - 3
-1
What is -1 + 0 + (-2 - (1 + 0))?
-4
-2 + 3 + (6 - (4 - -5))
-2
Evaluate -11 + -10 + 2 + 9.
-10
Evaluate (-5 - -9) + -4 + -5.
-5
-3 + (-1 - -1) - (2 + -5)
0
18 + -18 - (-2 + -1 + -2)
5
-5 - 1 - -2 - -8
4
What is -7 + -1 - (-44 - -35)?
1
What is the value of -8 - (1 + -9 + (-5 - -9))?
-4
Calculate 5 + (2 - (6 + -2 + -2)).
5
Evaluate -1 + 2 + -1 + 3.
3
-7 + (2 - (7 - 1))
-11
Evaluate 1 - 0 - (-25 - -18).
8
Calculate 0 + 2 + (6 - (0 - -4)).
4
Evaluate -7 + 8 + -5 + -6.
-10
Evaluate 0 - (17 + 2 + -8).
-11
What is (10 + -6 - 2) + 2?
4
Calculate 3 + 2 + 1 + -1 + 0.
5
What is the value of 0 - 2 - (3 + -10)?
5
Evaluate 5 - (-3 - 1 - -1 - -4).
4
What is -11 + 1 - (60 + -76)?
6
Evaluate (-2 - -6) + 1 + -4 + 4.
5
(-20 - -14) + 6 + 5
5
What is the value of 5 - ((0 + 0 - 5) + 9)?
1
Calculate 5 - (6 + 0 + -2).
1
What is the value of (-7 + 2 - -11) + 3?
9
What is the value of -6 + (7 - 3 - -1)?
-1
0 - -6 - 1 - (-7 + 7)
5
Evaluate (5 + -3 - 